{"id":48,"date":"2022-07-06T18:41:14","date_gmt":"2022-07-06T18:41:14","guid":{"rendered":"https:\/\/lernprofi.ch\/blog\/?page_id=48"},"modified":"2022-07-10T08:14:51","modified_gmt":"2022-07-10T08:14:51","slug":"deutsch-profi-11-2","status":"publish","type":"page","link":"https:\/\/lernprofi.ch\/blog\/programme\/sprache\/deutsch-profi-11-2\/","title":{"rendered":"Deutsch-PROFI 11.2"},"content":{"rendered":"<h3>Beschrieb:<\/h3>\n<p>\u00b775 \u00dcbungen (Rechtschreiben, Grammatikregeln)<br \/>\n\u00b7 4 Leistungsstufen (Amateur, Profi, Text, Audio)<br \/>\n\u00b7 Fehler\u00fcbersicht und Repetition nach jeder \u00dcbung<br \/>\n\u00b7 Lehrer- und Sch\u00fclerpasswort<br \/>\n\u00b7 alle Ergebnisse gel\u00f6ster \u00dcbungen einsehbar<br \/>\n\u00b7 Ausdruck von immer neu generierten Arbeitsbl\u00e4ttern (Arbeitsblatt Standard, Fit-Bogen, <a title=\"Beispiel downloaden\" href=\"https:\/\/lernprofi.ch\/sicherung\/programme\/downloads\/uebungen\/dt\/74_Zeitformen_erkennen_Memory.pdf\" target=\"_blank\" rel=\"noopener\">Memory<\/a>, Domino)<br \/>\n\u00b7 Export- und Importfunktion<br \/>\n\u00b7 Bonusspiel \u201ePunkte-Profi\u201c<br \/>\n\u00b7 Repetitions- und Verbesserungsmodus<br \/>\n\u00b7 \u00dcbungs\u00fcbersicht \u00fcber alle \u00dcbungen in einem Blick<\/p>\n<p>\u2013 Lehrerpasswort f\u00fcr jede Lehrperson individuell<br \/>\n\u2013 Resultate klassenweise getrennt (Lehrperson sieht nur noch \u201eeigene\u201c Resultate)<br \/>\n\u2013 Anzeige in Resultat, \u00dcbung vorzeitig abgebrochen<br \/>\n\u2013 Aufgabenstellung vom Server abrufen (Spieleeinstellung, Arbeitsauftr\u00e4ge, Resultate einsehen, Fehler verbessern..)<br \/>\n\u2013 Zeitbegrenzung pro Aufgabe<br \/>\n\u2013 L\u00f6sung wird dem Sch\u00fcler individuell nach x.ten Versuch gezeigt (vom Lehrer bestimmbar)<br \/>\n\u2013 Verbesserung Aktivierung\/Deaktivierung<br \/>\n\u2013 Modus f\u00fcr Tastatur (ohne Vorgabe\/Vorschl\u00e4ge)<br \/>\n\u2013 Modus f\u00fcr das Geh\u00f6r (Abfragen \u00fcbers Geh\u00f6r)<br \/>\n\u2013 Zeitmessung<br \/>\n\u2013 AB-Generierung aus gemachten Fehlern (individuell f\u00fcr Sch\u00fcler)<br \/>\n\u2013 Sch\u00fcler hat M\u00f6glichkeit, sich bei Nichtwissen die L\u00f6sung anzeigen zu lassen<br \/>\n\u2013 setzen einer Zeitlimite pro Aufgabe im Profi-Modus<\/p>\n<table id=\"table2\" border=\"1\" width=\"680\" cellspacing=\"2\" cellpadding=\"1\" align=\"left\">\n<tbody>\n<tr valign=\"middle\">\n<td align=\"center\" width=\"95\"><strong>System:<\/strong><\/td>\n<td align=\"center\" width=\"94\"><strong>Festplatte<\/strong><\/td>\n<td align=\"center\" width=\"185\"><strong>Einsatz im Netzwerk<\/strong><\/td>\n<td align=\"center\" width=\"154\"><strong>Resultatespeicherung<\/strong><\/td>\n<td align=\"center\" width=\"154\"><\/td>\n<td align=\"center\" width=\"139\"><strong>Ausdruck von Arbeitsbl\u00e4ttern<\/strong><\/td>\n<td align=\"center\" width=\"93\"><strong>Download<\/strong><\/td>\n<\/tr>\n<tr valign=\"middle\">\n<td align=\"center\" width=\"95\">Win 95- Win 11<\/td>\n<td align=\"center\" width=\"94\">57 MB<\/td>\n<td align=\"center\" width=\"185\">ja<\/td>\n<td align=\"center\" width=\"154\">ja<\/td>\n<td align=\"center\" width=\"154\"><\/td>\n<td align=\"center\" width=\"139\">ja<\/td>\n<td align=\"center\" width=\"93\">\n<p align=\"center\"><a href=\"https:\/\/lernprofi.ch\/blog\/wp-content\/uploads\/2022\/07\/Deutsch-PROFI_win.zip\" target=\"_blank\" rel=\"noopener\">Win<\/a> \/ <a href=\"https:\/\/lernprofi.ch\/blog\/wp-content\/uploads\/2022\/07\/Deutsch-PROFI_mac.zip\" target=\"_blank\" rel=\"noopener\">Mac<\/a><\/p>\n<\/td>\n<\/tr>\n<\/tbody>\n<\/table>\n<p>&nbsp;<\/p>\n<p>&nbsp;<\/p>\n<p>&nbsp;<\/p>\n<p>&nbsp;<\/p>\n\n\t\t<style type=\"text\/css\">\n\t\t\t#gallery-1 {\n\t\t\t\tmargin: auto;\n\t\t\t}\n\t\t\t#gallery-1 .gallery-item {\n\t\t\t\tfloat: left;\n\t\t\t\tmargin-top: 10px;\n\t\t\t\ttext-align: center;\n\t\t\t\twidth: 33%;\n\t\t\t}\n\t\t\t#gallery-1 img {\n\t\t\t\tborder: 2px solid #cfcfcf;\n\t\t\t}\n\t\t\t#gallery-1 .gallery-caption {\n\t\t\t\tmargin-left: 0;\n\t\t\t}\n\t\t\t\/* see gallery_shortcode() in wp-includes\/media.php *\/\n\t\t<\/style>\n\t\t<div id='gallery-1' class='gallery galleryid-48 gallery-columns-3 gallery-size-thumbnail'><dl class='gallery-item'>\n\t\t\t<dt class='gallery-icon landscape'>\n\t\t\t\t<a href='https:\/\/lernprofi.ch\/blog\/programme\/sprache\/deutsch-profi-11-2\/dt01\/'><img loading=\"lazy\" decoding=\"async\" width=\"150\" height=\"150\" src=\"https:\/\/lernprofi.ch\/blog\/wp-content\/uploads\/2022\/07\/dt01-150x150.jpg\" class=\"attachment-thumbnail size-thumbnail\" alt=\"\" \/><\/a>\n\t\t\t<\/dt><\/dl><dl class='gallery-item'>\n\t\t\t<dt class='gallery-icon landscape'>\n\t\t\t\t<a href='https:\/\/lernprofi.ch\/blog\/programme\/sprache\/deutsch-profi-11-2\/dt04\/'><img loading=\"lazy\" decoding=\"async\" width=\"150\" height=\"150\" src=\"https:\/\/lernprofi.ch\/blog\/wp-content\/uploads\/2022\/07\/dt04-150x150.jpg\" class=\"attachment-thumbnail size-thumbnail\" alt=\"\" \/><\/a>\n\t\t\t<\/dt><\/dl><dl class='gallery-item'>\n\t\t\t<dt class='gallery-icon landscape'>\n\t\t\t\t<a href='https:\/\/lernprofi.ch\/blog\/programme\/sprache\/deutsch-profi-11-2\/dt05\/'><img loading=\"lazy\" decoding=\"async\" width=\"150\" height=\"150\" src=\"https:\/\/lernprofi.ch\/blog\/wp-content\/uploads\/2022\/07\/dt05-150x150.jpg\" class=\"attachment-thumbnail size-thumbnail\" alt=\"\" \/><\/a>\n\t\t\t<\/dt><\/dl><br style=\"clear: both\" \/><dl class='gallery-item'>\n\t\t\t<dt class='gallery-icon landscape'>\n\t\t\t\t<a href='https:\/\/lernprofi.ch\/blog\/programme\/sprache\/deutsch-profi-11-2\/dt06\/'><img loading=\"lazy\" decoding=\"async\" width=\"150\" height=\"150\" src=\"https:\/\/lernprofi.ch\/blog\/wp-content\/uploads\/2022\/07\/dt06-150x150.jpg\" class=\"attachment-thumbnail size-thumbnail\" alt=\"\" \/><\/a>\n\t\t\t<\/dt><\/dl><dl class='gallery-item'>\n\t\t\t<dt class='gallery-icon landscape'>\n\t\t\t\t<a href='https:\/\/lernprofi.ch\/blog\/programme\/sprache\/deutsch-profi-11-2\/dt07\/'><img loading=\"lazy\" decoding=\"async\" width=\"150\" height=\"150\" src=\"https:\/\/lernprofi.ch\/blog\/wp-content\/uploads\/2022\/07\/dt07-150x150.jpg\" class=\"attachment-thumbnail size-thumbnail\" alt=\"\" \/><\/a>\n\t\t\t<\/dt><\/dl><dl class='gallery-item'>\n\t\t\t<dt class='gallery-icon landscape'>\n\t\t\t\t<a href='https:\/\/lernprofi.ch\/blog\/programme\/sprache\/deutsch-profi-11-2\/dt09\/'><img loading=\"lazy\" decoding=\"async\" width=\"150\" height=\"150\" src=\"https:\/\/lernprofi.ch\/blog\/wp-content\/uploads\/2022\/07\/dt09-150x150.jpg\" class=\"attachment-thumbnail size-thumbnail\" alt=\"\" \/><\/a>\n\t\t\t<\/dt><\/dl><br style=\"clear: both\" \/><dl class='gallery-item'>\n\t\t\t<dt class='gallery-icon landscape'>\n\t\t\t\t<a href='https:\/\/lernprofi.ch\/blog\/programme\/sprache\/deutsch-profi-11-2\/dt18\/'><img loading=\"lazy\" decoding=\"async\" width=\"150\" height=\"150\" src=\"https:\/\/lernprofi.ch\/blog\/wp-content\/uploads\/2022\/07\/dt18-150x150.jpg\" class=\"attachment-thumbnail size-thumbnail\" alt=\"\" \/><\/a>\n\t\t\t<\/dt><\/dl>\n\t\t\t<br style='clear: both' \/>\n\t\t<\/div>\n\n<div class=\"su-table su-table-alternate\">\n<table>\n<tbody>\n<tr>\n<td>Nr. 01 \u201ca, aa, oder ah\u201d?<br \/>\nNr. 02 \u201cai\u201d oder \u201cei\u201d?<br \/>\nNr. 03 \u201c\u00e4u oder eu\u201d? 1<br \/>\nNr. 04 \u201c\u00e4u oder eu\u201d? 2<br \/>\nNr. 05 \u201cbacken\u201d oder \u201cpacken\u201d?<br \/>\nNr. 06 \u201cck oder k\u201d? 1<br \/>\nNr. 07 \u201cck oder k\u201d? 2<br \/>\nNr. 08 \u201cck oder k\u201d? 3<br \/>\nNr. 09 \u201cck, k, tz, oder z?\u201d<br \/>\nNr. 10 \u201cd, dt, t oder tt?\u201d 1<br \/>\nNr. 11 \u201cd, dt, t oder tt?\u201d 2<br \/>\nNr. 12 \u201cdas oder dass?\u201d 1<br \/>\nNr. 13 \u201cdas oder dass?\u201d 2<br \/>\nNr. 14 \u201cdas oder dass?\u201d 3<br \/>\nNr. 15 \u201cdas oder dass?\u201d 4<br \/>\nNr. 16 den&#8220; oder &#8222;denn?\u201d<br \/>\nNr. 17 &#8222;Der, die oder das?&#8220;<br \/>\nNr. 18 \u201ce, ee oder eh?\u201d<br \/>\nNr. 19 \u201cein oder einen?\u201d<br \/>\nNr. 20 \u201cend\u201d oder \u201cent\u201d?<br \/>\nNr. 21 \u201cf oder v?\u201d<br \/>\nNr. 22 \u201cHerr oder Herrn?\u201d<br \/>\nNr. 23 \u201chin oder her?\u201d 1<br \/>\nNr. 24 \u201chin oder her\u201d? 2<br \/>\nNr. 25 \u201cihn\/in oder ihm\/im?\u201d 1<br \/>\nNr. 26 \u201cihn\/in oder ihm\/im\u201d? 2<br \/>\nNr. 27 lehren &#8211; lernen &#8211; leeren? 1<br \/>\nNr. 28 \u201clehren &#8211; lernen &#8211; leeren\u201d? 2<br \/>\nNr. 29 \u201cMann oder man\u201d?<br \/>\nNr. 30 Mit oder ohne \u201ch\u201d?<br \/>\nNr. 31 \u201co &#8211; oo &#8211; oh\u201d?<br \/>\nNr. 32 \u201cPaar\u201d oder \u201cpaar\u201d?<br \/>\nNr. 33 \u201cseid\u201d oder \u201cseit\u201d?<br \/>\nNr. 34 \u201ctz oder z\u201d?<br \/>\nNr. 35 \u201ctz oder z\u201d? 2<br \/>\nNr. 36 \u201ctz oder z\u201d? 3<br \/>\nNr. 37 \u201cv\u201d oder \u201cw\u201d?<br \/>\nNr. 38 \u201cv &#8211; f &#8211; ph\u201d?<br \/>\nNr. 39 \u201cver\/vor\u201d oder \u201cfer\/for\u201d?<br \/>\nNr. 40 \u201cviel\u201d oder \u201cfiel\u201d? 1<\/td>\n<td>Nr. 41 \u201cviel\u201d oder \u201cfiel\u201d? 2<br \/>\nNr. 42 \u201ci &#8211; ie &#8211; ieh &#8211; ih?\u201d<br \/>\nNr. 43 \u201cwar\u201d oder \u201cwahr\u201d? 1<br \/>\nNr. 44 \u201cwar\u201d oder \u201cwahr\u201d? 2<br \/>\nNr. 45 \u201cwieder\u201d oder \u201cwider\u201d? 1<br \/>\nNr. 46 \u201cwieder\u201d oder \u201cwider\u201d? 2<br \/>\nNr. 47 \u201cVorsilben\u201d 1<br \/>\nNr. 48 \u201cVorsilben\u201d 2<br \/>\nNr. 49 \u201cx, ks, cks oder chs?<br \/>\nNr. 50 \u201cDie 5 Wortarten\u201d 1<br \/>\nNr. 51 \u201cDie 5 Wortarten\u201d 2<br \/>\nNr. 52 \u201cAdjektive werden zu Nomen\u201d<br \/>\nNr. 53 \u201cbest. oder unbest. Artikel?\u201d<br \/>\nNr. 54 \u201cDas Geschlecht des Nomens\u201d<br \/>\nNr. 55 \u201cDas richtige Fragewort\u201d<br \/>\nNr. 56 \u201cDie vier Satzarten\u201d 1<br \/>\nNr. 57 \u201cDie 4 Satzarten\u201d 2<br \/>\nNr. 58 \u201cDie richtige Pluralform\u201d<br \/>\nNr. 59 \u201cDie vier F\u00e4lle\u201d<br \/>\nNr. 60 Die vier F\u00e4lle (mit Ersatzprobe)<br \/>\nNr. 61 \u201cIndirekte Rede\u201d 1<br \/>\nNr. 62 \u201cDirekte oder indirekte Rede\u201d?<br \/>\nNr. 63 \u201cNomen zuordnen\u201d<br \/>\nNr. 64 \u201cPartizip 1 erkennen\u201d<br \/>\nNr. 65 \u201cPersonalformen\u201d 1<br \/>\nNr. 66 \u201cPersonalformen\u201d 2<br \/>\nNr. 67 \u201cPr\u00e4sens erkennen\u201d<br \/>\nNr. 68 \u201cPr\u00e4sens oder Pr\u00e4teritum?\u201d<br \/>\nNr. 69 \u201cVerben werden zu Nomen\u201d<br \/>\nNr. 70 \u201cVerben\/Adjektive werden zu Nomen\u201d<br \/>\nNr. 71 \u201cEndungen f\u00fcr Nomen\u201d<br \/>\nNr. 72 \u201cZeitgangabe: gross oder klein?\u201d<br \/>\nNr. 73 \u201cZeitformen erkennen\u201d 1<br \/>\nNr. 74 \u201cZeitformen erkennen\u201d 2<br \/>\nNr. 75 \u201cZeitformen erkennen\u201d 3<\/td>\n<\/tr>\n<\/tbody>\n<\/table>\n<\/div>\n","protected":false},"excerpt":{"rendered":"<p>Beschrieb: \u00b775 \u00dcbungen (Rechtschreiben, Grammatikregeln) \u00b7 4 Leistungsstufen (Amateur, Profi, Text, Audio) \u00b7 Fehler\u00fcbersicht und Repetition nach jeder \u00dcbung \u00b7 Lehrer- und Sch\u00fclerpasswort \u00b7 alle Ergebnisse gel\u00f6ster \u00dcbungen einsehbar \u00b7 Ausdruck von immer neu generierten Arbeitsbl\u00e4ttern (Arbeitsblatt Standard, Fit-Bogen, Memory, Domino) \u00b7 Export- und Importfunktion \u00b7 Bonusspiel \u201ePunkte-Profi\u201c \u00b7 Repetitions- und Verbesserungsmodus \u00b7 \u00dcbungs\u00fcbersicht \u00fcber &hellip; <\/p>\n<p><a class=\"more-link btn\" href=\"https:\/\/lernprofi.ch\/blog\/programme\/sprache\/deutsch-profi-11-2\/\">Weiterlesen<\/a><\/p>\n","protected":false},"author":1,"featured_media":0,"parent":46,"menu_order":1,"comment_status":"closed","ping_status":"closed","template":"","meta":{"footnotes":""},"class_list":["post-48","page","type-page","status-publish","hentry","nodate","item-wrap"],"publishpress_future_action":{"enabled":false,"date":"2026-05-15 12:57:26","action":"change-status","newStatus":"draft","terms":[],"taxonomy":"","extraData":[]},"publishpress_future_workflow_manual_trigger":{"enabledWorkflows":[]},"_links":{"self":[{"href":"https:\/\/lernprofi.ch\/blog\/wp-json\/wp\/v2\/pages\/48","targetHints":{"allow":["GET"]}}],"collection":[{"href":"https:\/\/lernprofi.ch\/blog\/wp-json\/wp\/v2\/pages"}],"about":[{"href":"https:\/\/lernprofi.ch\/blog\/wp-json\/wp\/v2\/types\/page"}],"author":[{"embeddable":true,"href":"https:\/\/lernprofi.ch\/blog\/wp-json\/wp\/v2\/users\/1"}],"replies":[{"embeddable":true,"href":"https:\/\/lernprofi.ch\/blog\/wp-json\/wp\/v2\/comments?post=48"}],"version-history":[{"count":3,"href":"https:\/\/lernprofi.ch\/blog\/wp-json\/wp\/v2\/pages\/48\/revisions"}],"predecessor-version":[{"id":188,"href":"https:\/\/lernprofi.ch\/blog\/wp-json\/wp\/v2\/pages\/48\/revisions\/188"}],"up":[{"embeddable":true,"href":"https:\/\/lernprofi.ch\/blog\/wp-json\/wp\/v2\/pages\/46"}],"wp:attachment":[{"href":"https:\/\/lernprofi.ch\/blog\/wp-json\/wp\/v2\/media?parent=48"}],"curies":[{"name":"wp","href":"https:\/\/api.w.org\/{rel}","templated":true}]}}